{"id":105,"date":"2020-06-29T23:38:07","date_gmt":"2020-06-29T23:38:07","guid":{"rendered":"https:\/\/demosites.io\/pet-shop-gb\/?page_id=105"},"modified":"2022-08-03T16:28:31","modified_gmt":"2022-08-03T14:28:31","slug":"d09c8-home","status":"publish","type":"page","link":"https:\/\/lappeldekolyma.fr\/","title":{"rendered":"Home"},"content":{"rendered":"\n<div id=\"wp-block-themeisle-blocks-advanced-columns-cbb7d63f\" class=\"wp-block-themeisle-blocks-advanced-columns alignfull has-1-columns has-desktop-equal-layout has-tablet-equal-layout has-mobile-equal-layout has-vertical-center\"><div class=\"wp-block-themeisle-blocks-advanced-columns-overlay\"><\/div><div class=\"innerblocks-wrap\">\n<div id=\"wp-block-themeisle-blocks-advanced-column-9099e04a\" class=\"wp-block-themeisle-blocks-advanced-column\">\n<h1 class=\"has-text-align-center has-white-color has-text-color wp-block-heading\">L&#8217;appel de Kolyma<\/h1>\n\n\n\n<p id=\"wp-block-themeisle-blocks-advanced-heading-5ba2036d\" class=\"wp-block-themeisle-blocks-advanced-heading wp-block-themeisle-blocks-advanced-heading-5ba2036d\">L&#8217;association au secours des Laika de Iakoutie<\/p>\n\n\n\n<div id=\"wp-block-themeisle-blocks-button-group-72abf9df\" class=\"wp-block-themeisle-blocks-button-group wp-block-buttons align-center\">\n<div id=\"wp-block-themeisle-blocks-button-1b647751\" class=\"wp-block-themeisle-blocks-button wp-block-button\"><a href=\"\" target=\"_self\" rel=\"noopener noreferrer\" class=\"wp-block-button__link\"><span>Contactez nous<\/span><i class=\"fas fa-fw fa-arrow-right margin-left\"><\/i><\/a><\/div>\n<\/div>\n<\/div>\n<\/div><\/div>\n\n\n\n<div id=\"wp-block-themeisle-blocks-advanced-columns-ab114888\" class=\"wp-block-themeisle-blocks-advanced-columns alignfull has-3-columns has-desktop-equal-layout has-tablet-equal-layout has-mobile-collapsedRows-layout has-vertical-unset\"><div class=\"wp-block-themeisle-blocks-advanced-columns-overlay\"><\/div><div class=\"innerblocks-wrap\">\n<div id=\"wp-block-themeisle-blocks-advanced-column-76cf25ee\" class=\"wp-block-themeisle-blocks-advanced-column\">\n<div class=\"wp-block-themeisle-blocks-service\">\n<div id=\"wp-block-themeisle-blocks-font-awesome-icons-bc6879e6\" class=\"wp-block-themeisle-blocks-font-awesome-icons\"><span class=\"wp-block-themeisle-blocks-font-awesome-icons-container\"><i class=\"fas fa-question\"><\/i><\/span><\/div>\n\n\n\n<h3 class=\"has-text-align-center wp-block-heading\">Demandez nous de l&#8217;aide<\/h3>\n\n\n\n<p class=\"has-text-align-center\">Besoin de conseil concernant la race avant de l&#8217;adopter, d\u00e9pass\u00e9s par des \u00e9v\u00e9nements et vous avez besoin d&#8217;aide. Par ici ! <\/p>\n<\/div>\n<\/div>\n\n\n\n<div id=\"wp-block-themeisle-blocks-advanced-column-e4703d6c\" class=\"wp-block-themeisle-blocks-advanced-column\">\n<div id=\"wp-block-themeisle-blocks-font-awesome-icons-8d7704f6\" class=\"wp-block-themeisle-blocks-font-awesome-icons\"><span class=\"wp-block-themeisle-blocks-font-awesome-icons-container\"><i class=\"fas fa-home\"><\/i><\/span><\/div>\n\n\n\n<h3 class=\"has-text-align-center wp-block-heading\">Vous souhaitez \u00eatre famille d&#8217;accueil ? <\/h3>\n\n\n\n<p class=\"has-text-align-center\">Vous connaissez la race et souhaitez nous aidez en \u00e9tant famille d&#8217;accueil ? on n&#8217;attend que vous ! <\/p>\n<\/div>\n\n\n\n<div id=\"wp-block-themeisle-blocks-advanced-column-2d0eeda8\" class=\"wp-block-themeisle-blocks-advanced-column\">\n<div id=\"wp-block-themeisle-blocks-font-awesome-icons-662e3790\" class=\"wp-block-themeisle-blocks-font-awesome-icons\"><span class=\"wp-block-themeisle-blocks-font-awesome-icons-container\"><i class=\"fas fa-paw\"><\/i><\/span><\/div>\n\n\n\n<h3 class=\"has-text-align-center wp-block-heading\">Dons et aides<\/h3>\n\n\n\n<p class=\"has-text-align-center\">Vous souhaitez faire un don \u00e0 l&#8217;association ou nous donner un coup de main ?  <\/p>\n<\/div>\n<\/div><\/div>\n\n\n\n<div id=\"wp-block-themeisle-blocks-advanced-columns-08bcd8f6\" class=\"wp-block-themeisle-blocks-advanced-columns alignfull has-2-columns has-desktop-oneTwo-layout has-tablet-equal-layout has-mobile-collapsedRows-layout has-vertical-unset\"><div class=\"wp-block-themeisle-blocks-advanced-columns-overlay\"><\/div><div class=\"innerblocks-wrap\">\n<div id=\"wp-block-themeisle-blocks-advanced-column-7ccc17b6\" class=\"wp-block-themeisle-blocks-advanced-column\">\n<figure class=\"wp-block-image size-large\"><img loading=\"lazy\" decoding=\"async\" width=\"576\" height=\"1024\" src=\"http:\/\/lappeldekolyma.fr\/wp-content\/uploads\/2022\/08\/DSC5613-576x1024.jpg\" alt=\"\" class=\"wp-image-187\" srcset=\"https:\/\/lappeldekolyma.fr\/wp-content\/uploads\/2022\/08\/DSC5613-576x1024.jpg 576w, https:\/\/lappeldekolyma.fr\/wp-content\/uploads\/2022\/08\/DSC5613-scaled-600x1067.jpg 600w, https:\/\/lappeldekolyma.fr\/wp-content\/uploads\/2022\/08\/DSC5613-169x300.jpg 169w, https:\/\/lappeldekolyma.fr\/wp-content\/uploads\/2022\/08\/DSC5613-768x1365.jpg 768w, https:\/\/lappeldekolyma.fr\/wp-content\/uploads\/2022\/08\/DSC5613-864x1536.jpg 864w, https:\/\/lappeldekolyma.fr\/wp-content\/uploads\/2022\/08\/DSC5613-1152x2048.jpg 1152w, https:\/\/lappeldekolyma.fr\/wp-content\/uploads\/2022\/08\/DSC5613-scaled.jpg 1440w\" sizes=\"auto, (max-width: 576px) 100vw, 576px\" \/><\/figure>\n<\/div>\n\n\n\n<div id=\"wp-block-themeisle-blocks-advanced-column-546e1574\" class=\"wp-block-themeisle-blocks-advanced-column\">\n<h2 class=\"has-nv-text-dark-bg-color has-text-color wp-block-heading\">C&#8217;est la premi\u00e8re ann\u00e9e de l&#8217;association mais &#8230; <\/h2>\n\n\n\n<div style=\"height:20px\" aria-hidden=\"true\" class=\"wp-block-spacer\"><\/div>\n\n\n\n<p class=\"has-nv-text-dark-bg-color has-text-color\" style=\"font-size:22px\">Nous sommes des amoureux de cette race si attachante et sensible et nous la connaissons depuis un moment.  Nouvelle race, veut dire beaucoup de nouvelles adoptions et qui dit race sensible et mode, dit abandon. Et nous sommes l\u00e0 pour que \u00e7a n&#8217;arrive pas. Nous sommes l\u00e0 pour vous aider, m\u00eame si dans le d\u00e9sespoir, vous ne savez plus comment g\u00e9rer  votre chien, nous vous accompagnerons et vous guiderons sur la solution \u00e0 adopter, SANS JUGEMENTS et SANS JUSTIFICATIONS. <\/p>\n<\/div>\n<\/div><\/div>\n\n\n\n<div id=\"wp-block-themeisle-blocks-advanced-columns-293ae528\" class=\"wp-block-themeisle-blocks-advanced-columns alignfull has-2-columns has-desktop-twoOne-layout has-tablet-equal-layout has-mobile-collapsedRows-layout has-vertical-unset\"><div class=\"wp-block-themeisle-blocks-advanced-columns-overlay\"><\/div><div class=\"innerblocks-wrap\">\n<div id=\"wp-block-themeisle-blocks-advanced-column-c7c82bf7\" class=\"wp-block-themeisle-blocks-advanced-column small-form\">\n<h2 class=\"has-nv-text-dark-bg-color has-text-color wp-block-heading\">Join our newsletter for special deals and offers<\/h2>\n\n\n\n[wpforms id=&#8221;136&#8243; title=&#8221;false&#8221; description=&#8221;false&#8221;]\n<\/div>\n\n\n\n<div id=\"wp-block-themeisle-blocks-advanced-column-24cca890\" class=\"wp-block-themeisle-blocks-advanced-column\">\n<figure class=\"wp-block-image size-full\"><img decoding=\"async\" src=\"http:\/\/lappeldekolyma.fr\/wp-content\/uploads\/2020\/04\/neve-pet-shop-23.jpg\" alt=\"\" class=\"wp-image-47\"\/><\/figure>\n<\/div>\n<\/div><\/div>\n","protected":false},"excerpt":{"rendered":"","protected":false},"author":1,"featured_media":0,"parent":0,"menu_order":0,"comment_status":"closed","ping_status":"closed","template":"","meta":{"neve_meta_sidebar":"full-width","neve_meta_container":"","neve_meta_enable_content_width":"on","neve_meta_content_width":100,"neve_meta_title_alignment":"","neve_meta_author_avatar":"","neve_post_elements_order":"","neve_meta_disable_header":"","neve_meta_disable_footer":"","neve_meta_disable_title":"on","_themeisle_gutenberg_block_has_review":false,"_ti_tpc_template_sync":false,"_ti_tpc_template_id":"695blg4xn7pkav5zqwfm","footnotes":""},"class_list":["post-105","page","type-page","status-publish","hentry"],"_links":{"self":[{"href":"https:\/\/lappeldekolyma.fr\/index.php\/wp-json\/wp\/v2\/pages\/105","targetHints":{"allow":["GET"]}}],"collection":[{"href":"https:\/\/lappeldekolyma.fr\/index.php\/wp-json\/wp\/v2\/pages"}],"about":[{"href":"https:\/\/lappeldekolyma.fr\/index.php\/wp-json\/wp\/v2\/types\/page"}],"author":[{"embeddable":true,"href":"https:\/\/lappeldekolyma.fr\/index.php\/wp-json\/wp\/v2\/users\/1"}],"replies":[{"embeddable":true,"href":"https:\/\/lappeldekolyma.fr\/index.php\/wp-json\/wp\/v2\/comments?post=105"}],"version-history":[{"count":3,"href":"https:\/\/lappeldekolyma.fr\/index.php\/wp-json\/wp\/v2\/pages\/105\/revisions"}],"predecessor-version":[{"id":189,"href":"https:\/\/lappeldekolyma.fr\/index.php\/wp-json\/wp\/v2\/pages\/105\/revisions\/189"}],"wp:attachment":[{"href":"https:\/\/lappeldekolyma.fr\/index.php\/wp-json\/wp\/v2\/media?parent=105"}],"curies":[{"name":"wp","href":"https:\/\/api.w.org\/{rel}","templated":true}]}}